ivide 60?
True
Does 30 divide 16891?
False
Is 30 a factor of 120?
True
Is 23 a factor of 8350?
False
Is 2037 a multiple of 6?
False
Is 15 a factor of 9674?
False
Is 37 a factor of 50653?
True
Is 9 a factor of 1143?
True
Does 24 divide 16440?
True
Is 525 a multiple of 35?
True
Is 25 a factor of 1000?
True
Does 221 divide 45747?
True
Does 33 divide 13068?
True
Is 21 a factor of 1407?
True
Is 1803 a multiple of 57?
False
Is 15 a factor of 20655?
True
Is 4 a factor of 1138?
False
Is 70 a multiple of 14?
True
Is 4220 even?
True
Is 17871 a multiple of 165?
False
Is 1063 a multiple of 13?
False
Is 7 a factor of 277?
False
Does 105 divide 40530?
True
Is 272 a multiple of 23?
False
Does 20 divide 545?
False
Is 8 a factor of 3068?
False
Is 28 a factor of 13972?
True
Is 70 a factor of 10220?
True
Is 19 a factor of 1900?
True
Is 26 a factor of 911?
False
Does 165 divide 5312?
False
Does 8 divide 496?
True
Is 2 a factor of 199?
False
Is 19291 a multiple of 76?
False
Is 23 a factor of 80408?
True
Does 13 divide 18916?
False
Is 17 a factor of 1258?
True
Does 3 divide 297?
True
Is 87 a factor of 17984?
False
Does 35 divide 41090?
True
Does 15 divide 52304?
False
Is 2876 a multiple of 153?
False
Does 148 divide 5920?
True
Is 14 a factor of 1804?
False
Is 3048 a multiple of 7?
False
Does 91 divide 39640?
False
Is 86 a factor of 4329?
False
Is 41 a factor of 13921?
False
Is 11 a factor of 6105?
True
Is 35280 a multiple of 56?
True
Is 5922 a multiple of 151?
False
Is 5754 a multiple of 98?
False
Does 2 divide 1592?
True
Is 2431 a multiple of 17?
True
Does 65 divide 5539?
False
Is 217 a multiple of 61?
False
Is 4827 a multiple of 3?
True
Does 27 divide 44388?
True
Is 37 a factor of 7867?
False
Is 73 a factor of 27817?
False
Is 2240 a multiple of 8?
True
Is 1598 a multiple of 34?
True
Is 18 a factor of 36693?
False
Is 2 a factor of 1642?
True
Is 5764 a multiple of 2?
True
Is 7 a factor of 19691?
True
Is 309 a multiple of 17?
False
Does 9 divide 3807?
True
Is 29630 a multiple of 208?
False
Does 70 divide 70?
True
Is 3478 a multiple of 3?
False
Is 3 a factor of 774?
True
Is 1723 a multiple of 56?
False
Does 81 divide 20493?
True
Does 81 divide 2155?
False
Is 1298 a multiple of 10?
False
Is 1698 a multiple of 8?
False
Does 3 divide 2627?
False
Is 12 a factor of 12444?
True
Is 18 a factor of 594?
True
Is 132 a factor of 9392?
False
Is 17 a factor of 1481?
False
Is 13 a factor of 1183?
True
Is 44 a factor of 924?
True
Does 54 divide 7398?
True
Does 8 divide 1848?
True
Is 52 a factor of 16010?
False
Is 21320 a multiple of 40?
True
Is 44 a multiple of 11?
True
Does 109 divide 218?
True
Is 46 a multiple of 46?
True
Does 18 divide 1307?
False
Is 58 a factor of 1508?
True
Does 2 divide 865?
False
Does 8 divide 1104?
True
Is 43 a factor of 9878?
False
Is 57 a factor of 6524?
False
Is 12 a factor of 972?
True
Is 83778 a multiple of 11?
False
Is 1242 a multiple of 12?
False
Does 3 divide 339?
True
Is 5465 a multiple of 20?
False
Is 13 a factor of 273?
True
Is 33 a multiple of 11?
True
Is 2661 a multiple of 11?
False
Does 60 divide 1800?
True
Is 68 a factor of 12267?
False
Does 23 divide 2231?
True
Is 30 a factor of 540?
True
Is 24 a factor of 77640?
True
Does 44 divide 108?
False
Is 54 a factor of 5454?
True
Does 6 divide 144?
True
Is 3314 a multiple of 43?
False
Is 1340 a multiple of 4?
True
Is 112 a factor of 7728?
True
Is 10 a factor of 2120?
True
Does 46 divide 1087?
False
Does 47 divide 752?
True
Is 9017 a multiple of 68?
False
Is 13 a factor of 2236?
True
Is 58 a factor of 10672?
True
Is 21 a factor of 1827?
True
Is 14 a factor of 3836?
True
Is 3 a factor of 125?
False
Does 98 divide 5320?
False
Is 334 a multiple of 5?
False
Is 31 a multiple of 2?
False
Is 73 a factor of 2117?
True
Is 231 a multiple of 3?
True
Does 218 divide 14158?
False
Does 15 divide 1230?
True
Does 144 divide 36720?
True
Is 98 even?
True
Is 2500 a multiple of 100?
True
Is 40 a multiple of 4?
True
Is 521 a multiple of 14?
False
Is 7439 a multiple of 43?
True
Is 54 a factor of 362?
False
Is 78 a multiple of 11?
False
Is 117 a factor of 62361?
True
Is 405 a multiple of 74?
False
Is 14 a factor of 25760?
True
Is 31 a factor of 111683?
False
Is 551 a multiple of 19?
True
Does 11 divide 33920?
False
Does 83 divide 2719?
False
Is 533 a multiple of 17?
False
Is 76 a factor of 12160?
True
Is 15 a factor of 13480?
False
Does 22 divide 616?
True
Is 17 a factor of 2735?
False
Is 10 a multiple of 5?
True
Is 12 a factor of 14364?
True
Is 22 a factor of 1122?
True
Is 33 a factor of 2574?
True
Does 16 divide 7728?
True
Is 60481 a multiple of 275?
False
Is 58 a factor of 5046?
True
Does 11 divide 1548?
False
Is 256 a factor of 136549?
False
Is 4600 a multiple of 11?
False
Is 13 a factor of 1092?
True
Is 12 a factor of 480?
True
Is 63 a factor of 136143?
True
Is 21 a factor of 147?
True
Does 188 divide 14938?
False
Does 12 divide 8418?
False
Does 9 divide 630?
True
Is 1865 a multiple of 87?
False
Does 14 divide 19854?
False
Does 27 divide 319?
False
Is 987 a multiple of 9?
False
Is 3 a factor of 7404?
True
Does 32 divide 35494?
False
Is 132 a factor of 9124?
False
Is 6804 a multiple of 42?
True
Is 4 a factor of 1456?
True
Does 71 divide 7055?
False
Is 11 a factor of 416?
False
Is 10 a factor of 1464?
False
Is 69 a factor of 39675?
True
Is 31 a factor of 1565?
False
Is 3380 a multiple of 19?
False
Is 90 a factor of 3213?
False
Does 40 divide 72840?
True
Does 2 divide 639?
False
Is 30 a factor of 10059?
False
Does 10 divide 479?
False
Is 5 a factor of 6172?
False
Does 12 divide 4605?
False
Does 16 divide 13463?
False
Is 9016 a multiple of 28?
True
Is 5506 a multiple of 81?
False
Is 1010 even?
True
Does 15 divide 46411?
False
Does 9 divide 3420?
True
Does 6 divide 714?
True
Does 7 divide 54?
False
Does 2 divide 59?
False
Is 9 a factor of 5157?
True
Does 9 divide 7638?
False
Is 1961 a multiple of 7?
False
Is 1721 a multiple of 6?
False
Is 1496 a multiple of 111?
False
Does 77 divide 894?
False
Is 17 a factor of 536?
False
Is 8 a factor of 7207?
False
Is 160 a multiple of 40?
True
Does 2 divide 74?
True
Does 13 divide 572?
True
Does 5 divide 209?
False
Is 340 a multiple of 68?
True
Is 15825 a multiple of 5?
True
Is 156 a multiple of 6?
True
Does 10 divide 2591?
False
Does 24 divide 480?
True
Is 4716 a multiple of 13?
False
Is 39 a factor of 2379?
True
Is 113 a factor of 4549?
False
Is 10 a factor of 4696?
False
Is 9 a factor of 2349?
True
Is 11 a factor of 55?
True
Is 3552 a multiple of 32?
True
Does 64 divide 571?
False
Does 4 divide 4940?
True
Is 59 a factor of 62779?
False
Is 21 a factor of 2061?
False
Does 24 divide 1670?
False
Is 23657 a multiple of 4?
False
Is 103760 a multiple of 67?
False
Is 1015 a multiple of 26?
False
Does 61 divide 9211?
True
Is 5 a factor of 4938?
False
Is 64 a factor of 15872?
True
Does 26 divide 1411?
False
Is 35 a factor of 2380?
True
Does 10 divide 3470?
True
Is 120 a factor of 17520?
True
Does 110 divide 7040?
True
Is 2150 a multiple of 6?
False
Does 33 divide 1417?
False
Is 11 a factor of 193?
False
Is 35 a multiple of 33?
False
Is 1936 a multiple of 13?
False
Is 13 a factor of 203?
False
Is 1536 a multiple of 96?
True
Is 69 a factor of 8280?
True
Does 77 divide 3414?
False
Is 79 a factor of 42581?
True
Is 13 a factor of 442?
True
Is 3254 a multiple of 13?
False
Is 5 a factor of 52?
False
Is 1131 a multiple of 39?
True
Is 47 a factor of 8648?
True
Is 133090 a multiple of 33?
False
Is 69 a factor of 4623?
True
Does 4 divide 2205?
False
Is 6721 a multiple of 13?
True
Is 4 a factor of 49?
False
Is 28 a factor of 59752?
True
Is 27 a factor of 6665?
False
Is 12817 a multiple of 24?
False
Does 6 divide 540?
True
Does 12 divide 3504?
True
Is 12 a factor of 5304?
True
Does 217 divide 45136?
True
Is 25 a factor of 6236?
False
Does 19 divide 4696?
False
Is 2195 a multiple of 34?
False
Does 15 divide 8116?
False
Is 114 a factor of 4370?
False
Does 9 divide 2016?
True
Is 44 a factor of 8536?
True
Is 2363 a multiple of 11?
False
Does 59 divide 1121?
True
Does 86 divide 8523?
False
Does 38 divide 26250?
False
Does 14 divide 13448?
False
Is 58 a factor of 53966?
False
Is 13284 a multiple of 164?
True
Does 107 divide 1193?
False
Is 3264 a multiple of 34?
True
Is 207 a multiple of 3?
True
Is 16 a fact